 5776?
5
What is the thousands digit of 9978?
9
What is the hundreds digit of 494?
4
What is the hundreds digit of 716?
7
What is the units digit of 59436?
6
What is the units digit of 1084?
4
What is the tens digit of 138306?
0
What is the hundreds digit of 966?
9
What is the units digit of 5575?
5
What is the tens digit of 62501?
0
What is the hundred thousands digit of 126136?
1
What is the hundreds digit of 525?
5
What is the tens digit of 1249?
4
What is the units digit of 1146?
6
What is the hundreds digit of 4941?
9
What is the thousands digit of 38706?
8
What is the units digit of 1077?
7
What is the units digit of 591?
1
What is the hundreds digit of 2762?
7
What is the units digit of 14171?
1
What is the thousands digit of 4006?
4
What is the units digit of 26845?
5
What is the tens digit of 75599?
9
What is the ten thousands digit of 15456?
1
What is the hundreds digit of 4390?
3
What is the tens digit of 89786?
8
What is the units digit of 326?
6
What is the hundreds digit of 23147?
1
What is the thousands digit of 13883?
3
What is the units digit of 5544?
4
What is the units digit of 361?
1
What is the thousands digit of 24008?
4
What is the hundreds digit of 11199?
1
What is the units digit of 6958?
8
What is the units digit of 33?
3
What is the ten thousands digit of 68751?
6
What is the units digit of 12760?
0
What is the tens digit of 65?
6
What is the units digit of 48115?
5
What is the units digit of 327?
7
What is the tens digit of 46510?
1
What is the hundreds digit of 972?
9
What is the thousands digit of 3306?
3
What is the units digit of 5685?
5
What is the units digit of 13224?
4
What is the units digit of 3555?
5
What is the hundreds digit of 2456?
4
What is the thousands digit of 11017?
1
What is the thousands digit of 1118?
1
What is the units digit of 29834?
4
What is the hundreds digit of 87785?
7
What is the thousands digit of 5008?
5
What is the hundreds digit of 6419?
4
What is the hundreds digit of 78808?
8
What is the hundreds digit of 34931?
9
What is the thousands digit of 18173?
8
What is the units digit of 9086?
6
What is the hundreds digit of 12915?
9
What is the hundreds digit of 4671?
6
What is the tens digit of 8713?
1
What is the tens digit of 3784?
8
What is the thousands digit of 5466?
5
What is the tens digit of 637?
3
What is the hundred thousands digit of 116131?
1
What is the tens digit of 541?
4
What is the thousands digit of 57294?
7
What is the hundreds digit of 5589?
5
What is the thousands digit of 63747?
3
What is the tens digit of 934?
3
What is the units digit of 245?
5
What is the ten thousands digit of 162219?
6
What is the thousands digit of 18077?
8
What is the tens digit of 8288?
8
What is the hundreds digit of 9239?
2
What is the hundreds digit of 165?
1
What is the tens digit of 13647?
4
What is the units digit of 839?
9
What is the hundred thousands digit of 121793?
1
What is the thousands digit of 84216?
4
What is the tens digit of 5889?
8
What is the thousands digit of 1006?
1
What is the tens digit of 46965?
6
What is the thousands digit of 4061?
4
What is the ten thousands digit of 16326?
1
What is the tens digit of 379?
7
What is the thousands digit of 14733?
4
What is the units digit of 3857?
7
What is the thousands digit of 2915?
2
What is the units digit of 841?
1
What is the tens digit of 11352?
5
What is the thousands digit of 1246?
1
What is the tens digit of 164902?
0
What is the tens digit of 1612?
1
What is the hundreds digit of 899?
8
What is the units digit of 5?
5
What is the thousands digit of 4401?
4
What is the units digit of 293?
3
What is the thousands digit of 1421?
1
What is the hundreds digit of 73782?
7
What is the units digit of 128217?
7
What is the hundreds digit of 50119?
1
What is the hundred thousands digit of 123225?
1
What is the units digit of 507?
7
What is the tens digit of 14640?
4
What is the thousands digit of 2123?
2
What is the ten thousands digit of 29170?
2
What is the tens digit of 654?
5
What is the thousands digit of 6507?
6
What is the hundreds digit of 2596?
5
What is the tens digit of 108?
0
What is the tens digit of 30295?
9
What is the thousands digit of 4153?
4
What is the thousands digit of 96846?
6
What is the units digit of 3881?
1
What is the units digit of 4320?
0
What is the tens digit of 27839?
3
What is the hundreds digit of 903?
9
What is the thousands digit of 105869?
5
What is the thousands digit of 6839?
6
What is the tens digit of 50356?
5
What is the units digit of 33872?
2
What is the hundreds digit of 82382?
3
What is the units digit of 16213?
3
What is the tens digit of 2101?
0
What is the hundreds digit of 4428?
4
What is the thousands digit of 5243?
5
What is the tens digit of 73?
7
What is the hundreds digit of 2417?
4
What is the units digit of 805?
5
What is the ten thousands digit of 38275?
3
What is the hundreds digit of 818?
8
What is the thousands digit of 44279?
4
What is the hundreds digit of 3098?
0
What is the hundreds digit of 3099?
0
What is the ten thousands digit of 17894?
1
What is the hundreds digit of 28265?
2
What is the hundreds digit of 18127?
1
What is the units digit of 69?
9
What is the tens digit of 758?
5
What is the tens digit of 2135?
3
What is the tens digit of 666?
6
What is the tens digit of 46039?
3
What is the thousands digit of 1176?
1
What is the thousands digit of 1331?
1
What is the tens digit of 11628?
2
What is the hundreds digit of 12945?
9
What is the tens digit of 14?
1
What is the hundred thousands digit of 106581?
1
What is the tens digit of 25637?
3
What is the tens digit of 27357?
5
What is the ten thousands digit of 39392?
3
What is the tens digit of 596?
9
What is the thousands digit of 4613?
4
What is the units digit of 35326?
6
What is the thousands digit of 3708?
3
What is the hundreds digit of 919?
9
What is the thousands digit of 70605?
0
What is the hundreds digit of 24641?
6
What is the hundreds digit of 4811?
8
What is the hundreds digit of 41573?
5
What is the units digit of 13534?
4
What is the thousands digit of 5609?
5
What is the hundreds digit of 9783?
7
What is the thousands digit of 10482?
0
What is the ten thousands digit of 29361?
2
What is the tens digit of 1564?
6
What is the hundreds digit of 5962?
9
What is the hundreds digit of 1810?
8
What is the units digit of 27549?
9
What is the units digit of 9138?
8
What is the hundreds digit of 9220?
2
What is the units digit of 19628?
8
What is the thousands digit of 9951?
9
What is the hundreds digit of 1325?
3
What is the hundreds digit of 3742?
7
What is the hundreds digit of 1397?
3
What is the thousands digit of 119372?
9
What is the thousands digit of 2920?
2
What is the units digit of 523?
3
What is the hundreds digit of 41024?
0
What is the thousands digit of 3755?
3
What is the units digit of 201002?
2
What is the tens digit of 720?
2
What is the thousands digit of 61567?
1
What is the tens digit of 13081?
8
What is the hundreds digit of 2167?
1
What is the hundreds digit of 243?
2
What is the tens digit of 13320?
2
What is the units digit of 595?
5
What is the thousands digit of 11530?
1
What is the thousands digit of 58954?
8
What is the thousands digit of 53092?
3
What is the thousands digit of 2127?
2
What is the units digit of 14526?
6
What is the tens digit of 58782?
8
What is the hundreds digit of 2923?
9
What is the tens digit of 78195?
9
What is the thousands digit of 8972?
8
What is the tens digit of 27729?
2
What is the tens digit of 10796?
9
What is the hundreds digit of 127727?
7
What is the tens digit of 2114?
1
What is the hundreds digit of 13997?
9
What is the thousands digit of 33385?
3
What is the tens digit of 8648?
4
What is the units digit of 3153?
3
What is the units digit of 760?
0
What is the thousands digit of 65129?
5
What is the ten thousands digit of 60600?
6
What is the hundreds digit of 1830?
8
What is the thousands digit of 2748?
2
What is the hundreds digit of 172?
1
What is the thousands digit of 3231?
3
What is the thousands digit of 1390?
1
What is the units digit of 1797?
7
What is the thousands digit of 44112?
4
What is the hundreds digit of 782?
7
What is the ten thousands digit of 63347?
6
What is the units digit of 2281?
1
What is the hundreds 